 y(j). What is the highest common divisor of v and 22?
11
Suppose 5*q - 167 = 298. What is the highest common divisor of q and 31?
31
Let u = -34 - -97. What is the highest common divisor of 9 and u?
9
Let l = -94 + 302. What is the greatest common factor of l and 26?
26
Let c be (-36)/(-8) - 3/(-2). Calculate the highest common factor of c and 9.
3
Let d be (-4 - -1) + (22 - 5). What is the greatest common divisor of 154 and d?
14
Suppose 195 = -u + 6*u. Let b = u - -49. Let i = -29 + 40. What is the highest common divisor of b and i?
11
Suppose 5*d - 12 = 18. Let o be 32/d - (-2)/3. What is the highest common divisor of 3 and o?
3
Let c be (-1185)/(-15) + 0 + 1. Calculate the highest common factor of c and 8.
8
Let b = 19 - 12. What is the greatest common factor of b and 35?
7
Suppose -6*z + 40 = -z. Suppose 5*p = k + 78, 4*p - 34 = 2*p - k. Calculate the greatest common factor of p and z.
8
Let g(z) = -z**3 + 8*z**2 + z - 3. Let c be g(8). Suppose -4*w = -5*y - 89, -c*y - 16 + 39 = 3*w. Calculate the highest common factor of w and 64.
16
Let z be (22/5)/((-4)/(-10)). What is the greatest common factor of 88 and z?
11
Let n(v) = -2*v**3 - 6*v**2 - 10*v + 10. Let f be n(-5). What is the highest common factor of f and 20?
20
Suppose -22*a - 230 = -23*a. What is the greatest common divisor of 10 and a?
10
Suppose 51 = 2*u + 5*m, -3*u = 2*u + 3*m - 80. Calculate the highest common factor of u and 117.
13
Suppose 0 = -5*i - 2 + 17. What is the highest common factor of i and 27?
3
Suppose -w + 17 = 5*y, 2*y - w + 2 = 6. Suppose 4*g - y*g = 4. What is the highest common divisor of 36 and g?
4
Let g be (0 + 0 - (-3 + 1)) + 57. What is the greatest common factor of g and 177?
59
Let i be 2/(-4)*6 - -2. Let r be (6/(-10))/(i/5). Suppose t - r*z = 3 + 69, 3*z = -2*t + 153. Calculate the highest common divisor of t and 50.
25
Let f be 36/10 - (-10)/25. Suppose 5 = -5*p + f*z, -z = 4*p - 4*z + 3. What is the greatest common factor of p and 24?
3
Suppose t - 16 = 2*u - 0, 3*t + u - 34 = 0. Let p = -2 + 14. Calculate the greatest common divisor of t and p.
12
Let u = -126 + 190. Let a = u + -94. Let j be (6/(-4))/(3/a). Calculate the highest common divisor of j and 105.
15
Let c = 3 - 2. Suppose 0*v - v = 0. Suppose -z + 5 = -v*z. What is the greatest common divisor of z and c?
1
Suppose -b = 32 - 104. Calculate the greatest common factor of 9 and b.
9
Suppose 0*t - 6 = -2*t. Suppose 4*s + 4 = 0, 0 = 2*i + t*i - 4*s - 19. What is the highest common factor of 1 and i?
1
Let g be 232/7 - 5/35. What is the greatest common divisor of g and 6?
3
Let u be (4 - 9 - -4) + (61 - 0). Calculate the greatest common divisor of 80 and u.
20
Suppose 4*v - 3*c = c + 12, -4*v - 4*c = -28. Suppose 28 = v*o - 2. Let n = o + 5. What is the greatest common factor of 22 and n?
11
Let n = 10 - -14. Calculate the greatest common factor of 16 and n.
8
Let q(u) = -u**3 + 4*u**2 + 6*u - 3. Let x(n) = -n**3 - 7*n**2 + 6*n - 11. Let w be x(-8). Let z be q(w). Calculate the highest common factor of 2 and z.
2
Suppose -4*v + 4*t - 26 = -130, -34 = -v - t. Let o = 10 + -4. Calculate the greatest common factor of v and o.
6
Suppose q + 0*q = 2*a - 12, 4*a = 5*q + 30. Let o be 66/14 - 4/(-14). Calculate the greatest common factor of o and a.
5
Let r be (-36)/15*(-120)/12. What is the greatest common divisor of 16 and r?
8
Suppose 3*o + 657 = -2*a, 5 + 4 = 3*a. Let b = -403 - o. Let r be b/(-6) - (-3)/(-9). What is the greatest common divisor of r and 10?
10
Let h = 99 - 90. Suppose 5*k - 2 = 3*k. What is the greatest common divisor of k and h?
1
Suppose 23*r - 12 = 22*r. Calculate the greatest common factor of 48 and r.
12
Let c(h) = -3*h - 5. Let w be c(-3). Suppose 5*f + 20 = 0, 4*f = w*g - 29 - 59. Calculate the highest common factor of g and 45.
9
Suppose 2*r - 11 = -3*n, 4*r = n - 11 + 26. Let a be ((-1)/(-2))/((-2)/(-12)). Let g = a - -6. Calculate the greatest common divisor of n and g.
1
Let c be 1/(-3) + 11/(-3). Let x = 9 + c. Let i(v) = -41*v**3 - 2*v**2 - v. Let k be i(-1). What is the highest common divisor of k and x?
5
Suppose 0 = -2*c - 0 + 2. Suppose -13 + c = -4*o. Suppose 51 + 12 = o*h. Calculate the greatest common divisor of h and 3.
3
Suppose -68*h = -67*h - 30. Let c be 1 + (1 + 0 - -4). Calculate the highest common divisor of h and c.
6
Let b = 5 + 0. Let g = 3 + b. Let n(j) = j**3 + 2*j**2 + 2. Let k be n(-2). Calculate the highest common factor of g and k.
2
Suppose -5*j = -0*j - 40. What is the greatest common divisor of 64 and j?
8
Let d(v) = 3*v**2 + 13*v + 8. Let x be d(-5). Calculate the highest common divisor of x and 144.
18
Suppose -3*c = -3*z - 174, -4*c + 2*z = z - 238. Let u = 10 + -7. Suppose -2*p = -d + 19, -u*p = -4*d + 87 - 21. Calculate the highest common factor of d and c.
15
Suppose 0 = 4*v + 3*p - 10 - 34, -v + 3*p + 11 = 0. Calculate the greatest common factor of v and 88.
11
Suppose t = -g - 1 - 1, 4*g = 3*t - 29. Suppose 4*w + 44 = t*s, -2*s - s = 5*w - 80. What is the greatest common factor of 10 and s?
10
Let g be 2*(0 + 2 + 0). Suppose 2*j + g*d = 4, -17 = -2*j + 4*d + 19. Calculate the highest common divisor of j and 4.
2
Suppose 235 + 5 = 3*i. What is the greatest common factor of i and 10?
10
Let z be ((12/(-2))/(-2))/((-4)/(-12)). What is the highest common factor of z and 9?
9
Let x = -86 - -120. What is the greatest common factor of 34 and x?
34
Suppose 3*f + 5*u - 38 = 0, -f + 2*u + 31 = -0*f. Let r be 30/7 - (-4)/(-14). Suppose 28 = r*l - 0*l. What is the greatest common divisor of f and l?
7
Suppose -5*c - 7 = -197. Calculate the highest common factor of c and 380.
38
Suppose -n - 166 = -2*x - 0*n, 0 = x + 4*n - 101. Suppose 5*m - x = 80. Calculate the greatest common divisor of 3 and m.
3
Let i(m) = 4*m**2 - 12. Let k be i(-5). Calculate the highest common factor of k and 11.
11
Let t(a) = -a**3 + 14*a**2 - 12*a + 18. Let h be t(13). Suppose -5*j - 180 = -0*k - k, -2*j = 2*k - 300. Calculate the highest common factor of k and h.
31
Let s(f) = -5*f + 2. Let h be s(-2). Suppose 0 = -6*j + 446 + 58. What is the highest common divisor of h and j?
12
Suppose -9*o = -12*o + 87. Calculate the highest common factor of 203 and o.
29
Let l(g) = -g**3 + g**2 - g + 4. Let a be l(0). Let s(k) = 2*k + 3. Let m be s(a). Calculate the greatest common divisor of m and 33.
11
Suppose 432 = 7*u - 3*u. What is the greatest common factor of 12 and u?
12
Let n = -104 + 248. Calculate the greatest common factor of 18 and n.
18
Let f(g) = 7*g - 1. Let o be f(1). Let s(m) = m**3 - 4*m**2 - 9*m + 4. Let t be s(o). What is the greatest common factor of t and 242?
22
Let a be (2 + -452)/(-6) - (-6)/(-2). Calculate the highest common factor of 9 and a.
9
Suppose -9 = -2*j + 3. Let i be 835*3*j/9. Let t be 2/3 + i/15. What is the greatest common divisor of 16 and t?
16
Suppose 0 = 2*j + 2*j - 48. Suppose -35 = -5*g - 5*m, m - 5*m = -12. Calculate the greatest common factor of g and j.
4
Let w be (18/12)/(6/40). Let g(h) = h**2 - 10*h + 7. Let l be g(w). Suppose 2*b + 41 = 167. Calculate the highest common divisor of l and b.
7
Let a = 18 + -7. Let x = a - 16. Let t(b) = -7*b - 5. Let y be t(x). What is the highest common divisor of y and 75?
15
Let b(z) = z**3 + z + 32. Let q be b(0). Calculate the highest common factor of q and 80.
16
Suppose 11*g - 7*g = 16. Calculate the highest common divisor of g and 4.
4
Let o = -15 + 39. Let a = -10 + 14. Suppose 0*s = -a*s + 48. Calculate the greatest common divisor of s and o.
12
Suppose -4*s = -3*a + 218, -3*a + 8*a - 2*s = 382. What is the greatest common factor of a and 52?
26
Let s(m) = m**2 + 6*m - 3. Let y be s(-7). Let h = y - -36. Calculate the greatest common divisor of h and 60.
20
Suppose -4*y - 425 = -5*u + y, 4*u - 316 = -2*y. Suppose -5*q = 16 - u. What is the highest common factor of q and 13?
13
Suppose -7 = 4*b - 63. What is the greatest common divisor of 14 and b?
14
Let n be (-1 - 13)*(-3)/6. Let q = -3 - 2. Let x = -4 - q. What is the greatest common factor of x and n?
1
Let t = 127 - 96. What is the greatest common divisor of t and 403?
31
Let l(m) = -4*m + 2. Let y(d) = 1. Let n(k) = -l(k) + 5*y(k). Let h be n(8). What is the highest common divisor of 7 and h?
7
Suppose -h + 0*l = -4*l - 92